 d(h) = 548*h**2 + 82*h - 82. Give d(1).
548
Let z(q) = q**2 - 182*q + 2234. Give z(168).
-118
Let q(k) = k**3 - 117*k**2 - 324*k + 79. Give q(-3).
-29
Let j(r) = -r**3 + 13*r**2 - 3270*r + 12960. Calculate j(4).
24
Let f(g) = 116325*g - 2908122. Determine f(25).
3
Let q(o) = 4*o**3 + 45*o**2 + 94*o - 59. Calculate q(-8).
21
Let p(m) = 5163*m - 60679. What is p(12)?
1277
Let s(l) = 2*l**2 - 204*l - 2347. Determine s(131).
5251
Let c(b) = 6653*b + 13329. Give c(-2).
23
Let n(y) = y**2 - 33*y - 3220. Calculate n(-43).
48
Let r(w) = -2*w**2 - 188*w - 2525. What is r(-12)?
-557
Let t(h) = -896*h - 11490. Calculate t(-13).
158
Let r(f) = f**3 - 47*f**2 - 317*f - 41. What is r(0)?
-41
Let n(q) = q**3 - 9*q**2 - 129*q + 77. Determine n(-8).
21
Let z(c) = 5*c**3 + 28*c**2 + 20*c - 69. Determine z(-4).
-21
Let s(n) = 418*n + 1771. Determine s(-5).
-319
Let z(a) = -4*a**2 + 40821*a - 326315. Give z(8).
-3
Let o(i) = 2*i**3 - 118*i**2 + 1561*i + 124. Give o(39).
163
Let q(u) = 5*u**2 + 216*u + 28. Determine q(-43).
-15
Let h(q) = -11592*q + 91706. Give h(8).
-1030
Let h(p) = -19*p**2 + 463*p - 2080. What is h(18)?
98
Let b(d) = -11*d**2 + 1974*d - 154. Give b(180).
-1234
Let q(w) = -w**2 + 67*w + 2078. Calculate q(90).
8
Let o(g) = -3*g**2 + 453*g + 336. Give o(151).
336
Let z(d) = -d**2 + 95*d - 3125. Give z(38).
-959
Let f(y) = -1329*y + 69948. Determine f(53).
-489
Let v(f) = -f**2 + 71*f - 1131. Give v(19).
-143
Let d(j) = j**2 - 106*j - 1408. Calculate d(118).
8
Let b(n) = 16151*n + 6056629. Calculate b(-375).
4
Let y(v) = 29*v + 2287. What is y(-22)?
1649
Let h(t) = -570451*t + 570449. Give h(1).
-2
Let i(c) = -93*c - 998. Give i(-24).
1234
Let d(i) = 3*i**2 + 109*i + 668. What is d(-25)?
-182
Let u(r) = 112*r**2 - 24054*r - 5576. Calculate u(215).
14
Let x(t) = t**3 - 297*t**2 + 1262*t - 26506. Give x(293).
-136
Let p(u) = -706*u - 7405. Give p(-10).
-345
Let g(r) = 10168*r**2 + 2908046*r - 547. Determine g(-286).
25
Let i(b) = 93*b**3 + 9*b**2 - 12*b - 4. What is i(-1)?
-76
Let j(z) = z**3 + 34*z**2 - 271*z - 8985. Give j(-29).
3079
Let c(v) = -1350*v + 35855. Give c(25).
2105
Let j(k) = -12161*k + 133771. What is j(11)?
0
Let q(n) = -1772*n - 265570. Give q(-150).
230
Let h(v) = v**3 + 43*v**2 - 883*v - 894. What is h(-58)?
-140
Let t(j) = -7477497*j + 59819978. Give t(8).
2
Let l(t) = 2*t**3 + 25*t**2 - 54*t + 852. Determine l(-14).
1020
Let c(v) = -2*v**3 - 287*v**2 + 285*v + 20316. Give c(-144).
12
Let u(h) = 6*h**3 + 418*h**2 + 683*h + 28082. Calculate u(-69).
-1
Let h(p) = -49*p**3 - 19796*p**2 - 9*p - 3732. Determine h(-404).
-96
Let h(z) = 6095*z - 2651382. Give h(435).
-57
Let m(g) = -g**3 - 26*g**2 + 116*g + 36. Calculate m(7).
-769
Let h(w) = -230*w**2 - 18647*w - 1372. What is h(-81)?
5
Let o(z) = -2*z**3 + 224*z**2 - 2379*z - 2111. Calculate o(100).
-11
Let z(p) = 23*p + 18. What is z(-33)?
-741
Let u(n) = 5134*n - 292713. Give u(57).
-75
Let l(y) = 9*y**3 - 9*y**2 + 111*y + 459. What is l(-4)?
-705
Let z(b) = 107*b**2 + 11762*b + 22277. Calculate z(-108).
29
Let y(q) = 1062*q + 20220. Calculate y(-19).
42
Let l(g) = g**3 - 42*g**2 + 117*g - 1206. Determine l(40).
274
Let w(z) = 10*z**2 - 588*z - 132. What is w(59)?
-14
Let f(v) = v**3 - 46*v**2 - 370*v + 17038. Give f(46).
18
Let j(y) = 16541*y - 33154. Give j(2).
-72
Let n(q) = -q**3 + 20*q**2 + 60*q - 183. Calculate n(23).
-390
Let j(f) = -3*f**3 + 804*f**2 - 748*f - 14049. Give j(267).
102
Let y(d) = d**2 + 2*d - 1223. What is y(-26)?
-599
Let k(n) = 348822*n - 2790575. Calculate k(8).
1
Let q(m) = -7299*m + 37152. Give q(5).
657
Let z(v) = 13*v**2 + 351*v - 284. Calculate z(-28).
80
Let a(m) = 37992*m + 4065111. Give a(-107).
-33
Let t(y) = -3*y**2 + 2194*y - 15928. What is t(724)?
0
Let i(a) = 3*a**2 + 917*a + 12381. Determine i(-14).
131
Let w(y) = y**2 + 506*y + 9. Determine w(0).
9
Let x(r) = -r**2 - 280315*r + 4765618. Determine x(17).
-26
Let s(z) = z**2 - 239154*z - 3109168. Calculate s(-13).
3
Let z(j) = -2926*j + 23400. Calculate z(8).
-8
Let c(r) = -r**3 - 10*r**2 + 424*r + 4253. Determine c(-10).
13
Let n(d) = -8*d**2 - 1297*d + 1134. Calculate n(-163).
-7
Let l(v) = -2*v**3 + 634*v**2 + 1273*v + 961. Determine l(319).
4
Let n(z) = 1679*z + 9985. Determine n(-6).
-89
Let x(w) = -w**3 + 47*w**2 - 257*w + 284. Determine x(4).
-56
Let r(d) = 7*d**2 + 3167*d - 9570. Give r(3).
-6
Let c(y) = -y**3 + 443*y**2 - 14650*y - 93. What is c(36)?
-21
Let j(v) = 11*v**2 - 8225*v - 2235. Give j(748).
9
Let b(s) = -19056*s + 1676898. Calculate b(88).
-30
Let z(h) = h**2 - 155*h - 1778. Give z(165).
-128
Let v(m) = m**3 + 43*m**2 - 1232*m + 1020. Give v(19).
-6
Let v(g) = 401737*g - 8838218. Determine v(22).
-4
Let l(g) = 2*g**3 + 179*g**2 + 410*g - 2615. What is l(-87)?
-440
Let i(j) = 14969*j + 1062699. Give i(-71).
-100
Let l(v) = -v**2 + 3491*v - 655093. Calculate l(199).
15
Let h(t) = -210425*t - 2314587. What is h(-11)?
88
Let b(k) = -45*k**2 - 4321*k + 87. Calculate b(-96).
183
Let m(s) = -77*s**2 + 16377*s + 5104. Determine m(213).
-8
Let z(n) = 60*n - 7635. Determine z(127).
-15
Let c(b) = 49*b**2 - 16521*b + 2744. What is c(337)?
48
Let x(k) = 2*k**3 - 12*k**2 - 89*k - 317. Calculate x(0).
-317
Let z(k) = 680547*k - 680544. Calculate z(1).
3
Let y(t) = -1390*t - 35961. Calculate y(-26).
179
Let i(n) = -2*n**3 - 189*n**2 - 2620*n - 67. Determine i(-17).
-322
Let d(x) = x**2 - 3*x + 299. Give d(20).
639
Let i(q) = q**2 - 328*q + 17858. Calculate i(259).
-13
Let w(n) = -n**3 + 91*n**2 + 16025*n + 470. Determine w(-89).
25
Let x(b) = -4268*b + 8810. Give x(2).
274
Let y(u) = -2*u**3 - 457*u**2 - 230*u - 124. Determine y(-228).
332
Let i(f) = f**3 - 1132*f**2 - 1030*f - 116904. Give i(1133).
-205
Let o(d) = -6*d**3 + 430*d**2 + 152*d - 506. Calculate o(72).
70
Let o(a) = 1886*a + 6998. Determine o(-4).
-546
Let r(x) = 822*x + 6310. What is r(-8)?
-266
Let o(y) = -y**2 - 684*y - 118904. Determine o(-338).
-1956
Let m(l) = 18*l**3 + 188*l**2 + 146*l + 658. What is m(-10)?
-2
Let b(m) = m**2 + 269057*m - 538113. Give b(2).
5
Let j(w) = -w**3 - 34*w**2 - 108*w - 1349. Give j(-32).
59
Let c(q) = -225*q - 6752. Determine c(-27).
-677
Let i(a) = -45616*a + 912326. Determine i(20).
6
Let c(k) = k**2 + 1511*k + 68477. Give c(-47).
-331
Let g(a) = -7717*a + 956911. Calculate g(124).
3
Let d(c) = c**3 - 2*c**2 + 11639*c - 34918. What is d(3)?
8
Let r(k) = 325*k**2 - 1083*k + 316. What is r(3)?
-8
Let g(k) = 19*k - 4757. Give g(234).
-311
Let o(l) = 6*l**3 - 300*l**2 - 428*l - 128. What is o(-1)?
-6
Let h(o) = -2761*o - 110423. Calculate h(-40).
17
Let b(q) = -138*q**2 - 4365*q + 1839. Give b(-32).
207
Let p(m) = -46097*m + 276546. What is p(6)?
-36
Let h(u) = 2*u**3 - 191*u**2 + 1291*u + 71. Determine h(88).
-2481
Let f(z) = 2*z**3 + 5*z**2 + 463*z - 2693. Calculate f(5).
-3
Let o(c) = 6014*c + 114196. Give o(-19).
-70
Let x(f) = 10*f**2 - 156*f + 442. What is x(3)?
64
Let l(y) = y**3 - 16*y**2 - 97*y + 311. Determine l(19).
-449
Let i(r) = 4*r**3 + 21*r**2 - 186*r + 273. Calculate i(3).
12
Let p(n) = 2*n**3 - 23*n**2 - 6484*n - 260. Calculate p(63).
55
Let x(t) = -344*t**2 + 1583*t - 833. What is x(4)?
-5
Let d(k) = -69*k - 3768. What is d(-54)?
-42
Let k(n) = -6*n**2 - 188*n + 613. What is k(-32)?
485
Let o(v) = -343*v - 52462. What is o(-154)?
360
Let d(g) = -5*g**3 - 820*g**2 + 86*g + 14074. Give d(-164).
-30
Let y(u) = u**3 + 295*u**2 + 760*u - 33752. Give y(-292).
120
Let s(y) = y**3 + 247*y**2 - 1518*y - 314958. Calculate s(-248).
2
Let q(o) = -o**2 - 27685*o - 1050546. What is q(-38)?
40
Let j(o) = o**3 + 27*o**2 + 204*o + 434. Determine j(-16).
-14
Let s(a) = -2161*a + 262754. Calculate s(122).
-888
Let n(m) = -17098*m - 68354. Give n(-4).
38
Let i(s) = -s**3 + 357*s**2 - 1061*s - 1421. Calculate i(354).
-1067
Let s(r) = -176*r - 1864. What is s(-10)?
-104
Let n(z) = -4974*z + 343498. Calculate n(69).
292
Let a(m) = 1357*m**2 + 5489*m + 248. Give a(-4).
4
Let u(l) = 216*l - 31092. Give u(144).
12
Let z(s) = -s**3 + 661*s**2 - 28290*s + 41. Calculate z(46).
41
Let j(n) = 11*n + 694. What is j(-70)?
-76
Let v(l) = 20*l**2 + 1003*l + 2945. What is v(-47)?
-16
Let q(u) = 60*u**2 + 218*u + 148. Give q(-8).
2244
Let i(p) = -8*p**3 + 23*p**2 + 93*p - 297. Give i(-5).
813
Let g(j) = -